base 4, what is -3203101131 + -310?
-3203102101
In base 10, what is 621 + 10313?
10934
In base 7, what is 134513434 - -4?
134513441
In base 16, what is -626c + 37?
-6235
In base 7, what is 4 - 6221553260?
-6221553253
In base 4, what is -31230 - -12203?
-13021
In base 14, what is -14cdb + -176?
-15073
In base 16, what is 136d - -1f6ed?
20a5a
In base 14, what is 4c1d + -4b9d?
60
In base 13, what is -1272c - 25?
-12754
In base 5, what is 1 - -22400100?
22400101
In base 16, what is -166748 - -e?
-16673a
In base 16, what is -3dfe1 + 1?
-3dfe0
In base 3, what is -120022 - 222201221?
-1000022020
In base 5, what is 1022 - 40102112?
-40101040
In base 16, what is 117f5f2a + 1?
117f5f2b
In base 4, what is 1203312202121 + 0?
1203312202121
In base 5, what is -202003430 - 1?
-202003431
In base 5, what is 21242 + -3412044?
-3340302
In base 9, what is -5 + 243473657?
243473652
In base 9, what is -327672 - 4?
-327676
In base 14, what is 4 - -167454?
167458
In base 15, what is -19d1 + a90?
-e41
In base 8, what is 1 + 462141777?
462142000
In base 2, what is -101011 - 1000100101010000010011010?
-1000100101010000011000101
In base 13, what is 455 + -6281?
-5b29
In base 2, what is 11001110101000 - -10011000000?
11100001101000
In base 12, what is -86 - -b74032?
b73b68
In base 2, what is -11 + -10001000100101001010?
-10001000100101001101
In base 12, what is -322a9046 + 8?
-322a903a
In base 7, what is 0 + 12041313?
12041313
In base 10, what is -1955634355 - 5?
-1955634360
In base 15, what is 2a18c4 - -4?
2a18c8
In base 4, what is -32302323 - -1121?
-32301202
In base 12, what is 18 - 56251b4?
-5625198
In base 14, what is cbb5218 + 2?
cbb521a
In base 14, what is 52d5c685 + 2?
52d5c687
In base 9, what is -156 + 8773?
8616
In base 8, what is 601654 - 1223?
600431
In base 15, what is c4ec + 759?
cc56
In base 7, what is -6226361133 - 3?
-6226361136
In base 3, what is -110120220 - -120021?
-110000122
In base 3, what is 1212 + -100221201010120?
-100221201001201
In base 8, what is -131 - -172135?
172004
In base 12, what is -741a81a + -4?
-741a822
In base 10, what is 1 + 26220416?
26220417
In base 16, what is 1b94187 + -3?
1b94184
In base 4, what is -1100312231 - -1220?
-1100311011
In base 9, what is 5121128 + 2?
5121131
In base 14, what is -63a6 - 0?
-63a6
In base 15, what is 1813172 - 8?
1813169
In base 12, what is -15063bb - -2?
-15063b9
In base 7, what is 1113164 + 6?
1113203
In base 13, what is -3 + 738202?
7381cc
In base 9, what is 3553 + 6563?
11226
In base 8, what is -2 - -604421400?
604421376
In base 8, what is 2137366 + 36?
2137424
In base 4, what is -32322 + 21001213?
20302231
In base 15, what is -6b26de + -4?
-6b26e3
In base 14, what is 9848db0 - 0?
9848db0
In base 6, what is -1111210 - -3250?
-1103520
In base 13, what is -2 - 3550b?
-35510
In base 15, what is 0 - 2db911e?
-2db911e
In base 16, what is 53 - -5e42f?
5e482
In base 2, what is 10 - 11000100011111010100010010?
-11000100011111010100010000
In base 4, what is 1123200 - -331230?
2121030
In base 2, what is -10100 - -110100100101011001100101?
110100100101011001010001
In base 8, what is -4 + 12676264?
12676260
In base 3, what is -21022 + -1200201002?
-1200222101
In base 12, what is -1 - -14b9b92?
14b9b91
In base 7, what is -1 + 133353145?
133353144
In base 12, what is -5348 + -5337?
-a683
In base 6, what is -2 - -21121240?
21121234
In base 10, what is -92494092 + 1?
-92494091
In base 6, what is 24415454 + -1201?
24414253
In base 15, what is -b - d78b6?
-d78c2
In base 5, what is 13 - -300214014?
300214032
In base 6, what is 5551334025 - -13?
5551334042
In base 16, what is -1011d4c - -5?
-1011d47
In base 6, what is -3404 - 30103?
-33511
In base 16, what is 73 + e137?
e1aa
In base 13, what is -14465 - -45?
-14420
In base 12, what is -421753 + -4?
-421757
In base 16, what is -96 + 1f0390?
1f02fa
In base 3, what is -10101101022 + 101?
-10101100221
In base 8, what is 12246004014 + -3?
12246004011
In base 10, what is 7 - 969928?
-969921
In base 2, what is -1001 + 1111001000101000001?
1111001000100111000
In base 10, what is 2880113 + -5?
2880108
In base 14, what is -478 + 1b39?
16a1
In base 6, what is -4043 + 201521?
153434
In base 13, what is 9c97ba9 + -1?
9c97ba8
In base 6, what is 12235534 - 23?
12235511
In base 16, what is -60ab03f - 5?
-60ab044
In base 16, what is b - 57c9c?
-57c91
In base 5, what is -1102113021 + -3?
-1102113024
In base 6, what is 304450 - 5312?
255134
In base 7, what is 4222013631 + 0?
4222013631
In base 4, what is -10 - 11310002021?
-11310002031
In base 13, what is -48731 + -169?
-4889a
In base 6, what is 120152 + -5015?
111133
In base 4, what is 10 - 101111132?
-101111122
In base 15, what is -2 + 2551a6?
2551a4
In base 13, what is -4 + -32353ba?
-32353c1
In base 11, what is 4a - -a24382?
a24421
In base 16, what is 3e + 1084a99?
1084ad7
In base 14, what is 3 - -739006d?
7390072
In base 11, what is -49 - 14746?
-14794
In base 15, what is 1bec94 + 5d?
1bed02
In base 6, what is -2053 - -112245?
110152
In base 4, what is 12 - 1222010230220?
-1222010230202
In base 8, what is 111657 + 171?
112050
In base 8, what is -10 + -475545?
-475555
In base 16, what is -4c4 + 856?
392
In base 3, what is 12000012120112110200 + -1?
12000012120112110122
In base 5, what is -1334013344 + 3?
-1334013341
In base 12, what is -233a691 + 1?
-233a690
In base 9, what is 3 + -10443027?
-10443024
In base 3, what is -2010220122021202 - 12?
-2010220122021221
In base 2, what is 10 - -1001001100001100100111110101?
1001001100001100100111110111
In base 9, what is 37054 - 504?
36450
In base 14, what is 17c41dba - 4?
17c41db6
In base 2, what is -1011100000111100000111100 + -1?
-1011100000111100000111101
In base 3, what is 120021020101100111 + 11?
120021020101100122
In base 16, what is 5 - 1318b6?
-1318b1
In base 4, what is 301031100123 + -3?
301031100120
In base 11, what is -15 + 11743626?
11743611
In base 9, what is 64 - -254176?
254251
In base 8, what is -71 - -24223504?
24223413
In base 13, what is 93c - -10a7a?
116b9
In base 15, what is -5 + 1c442?
1c43c
In base 4, what is -20030 + 12201312023?
12201231333
In base 7, what is -63 - -512301?
512205
In base 13, what is 24 + -264587?
-264563
In base 14, what is -9049bb - -6?
-9049b5
In base 16, what is 3 + -197fd1c?
-197fd19
In base 16, what is -1d9102e - -5?
-1d91029
In base 8, what is 50 - 113040?
-112770
In base 10, what is 168 + -7245?
-7077
In base 7, what is 0 + 2120366?
2120366
In base 8, what is -761157 - -263?
-760674
In base 16, what is 59f + fe?
69d
In base 11, what is 422 + -8a84?
-8662
In base 14, what is 121705 + 1?
121706
In base 10, what is -5 - 363441608?
-363441613
In base 6, what is 23 - -10004044?
10004111
In base 9, what is -318568 - -8?
-318560
In base 5, what is -40 + 123222143?
123222103
In base 11, what is 2a05 - 2223?
792
In base 6, what is 10110221 + 30?
10110251
In base 6, what is 2 + 455203455?
455203501
In base 11, what is -5 + -5171926?
-5171930
In base 3, what is 2202 - -21010010122?
21010020101
In base 14, what is -3 - -835acc?
835ac9
In base 8, what is 33733732 + 0?
33733732
In base 9, what is -4 + 120105823?
120105818
In base 9, what is 46432265 - 1?
46432264
In base 10, what is -99834273 + -3?
-99834276
In base 2, what is -10011000011001 + -110110000000?
-11001110011001
In base 12, what is -2a125 + 2563?
-27782
In base 14, what is 64dd - -120d0?
185cd
In base 12, what is 1624 - -229b5?
24419
In base 2, what is 111110011100 - 1110000?
111100101100
In base 5, what is -4 - -22124013443?
22124013434
In base 10, what is -7905663 - 1?
-7905664
In base 16, what is -5 - 123b591?
-123b596
In base 12, what is 3 + -6b0b4bb?
-6b0b4b8
In base 3, what is 1201210220 - 22221021?
1101212122
In base 11, what is 2 + 271698?
27169a
In base 14, what is 789c4 + -26?
7899c
In base 4, what is 123 + 20202103020?
20202103203
In base 9, what is -385510 - 1461?
-387071
In base 15, what is b6d65 + -3?
b6d62
In base 15, what is -4 - -3376ca?
3376c6
In base 15, what is -2 - -cd0d9c0?
cd0d9bd
In base 4, what is -2113 + 3122133313?
3122131200
In base 16, what is -44bf - -6c1?
-3dfe
In base 11, what is 31935 + 1a0?
32025
In base 3, what is 2011002211 - -10021?
2011020002
In base 16, what is -4456 - 2745?
-6b9b
In base 10, what is -397 - 2275?
-2672
In base 11, what is -68408 - -